-39)/(-104)) - h. Calculate the greatest common divisor of d and p.
23
Let r(v) = 5*v + 10. Let q be r(6). Suppose 586 = 17*j - 264. Calculate the highest common divisor of q and j.
10
Let m be (5056/(-96))/(1084/1092 + -1). What is the highest common factor of 79 and m?
79
Suppose 278 = -3*w + 5*w + z, -2*w - 2*z + 270 = 0. Let c be (-76)/(-6) - (-3)/9. Calculate the highest common factor of c and w.
13
Let b be (2/7 - 0) + (-1859606)/(-1862). Calculate the highest common divisor of 135 and b.
27
Let u be ((-19770)/10)/(2/(-6) + (-8)/12). What is the highest common factor of 6 and u?
3
Suppose 0 = 5*p + 9*p. Let o(i) = i**3 + i**2 - 4*i + 16. Let r be o(p). Calculate the greatest common divisor of 88 and r.
8
Suppose 0 = 75*y - 124*y + 46991. Calculate the greatest common divisor of y and 137.
137
Suppose 1968 = 5*d + 448. Let v = d + -229. What is the greatest common factor of v and 30?
15
Let c = 365 + -357. Suppose 0 = c*z - 149 + 45. Calculate the greatest common divisor of 1 and z.
1
Suppose 3*a - 2*a = -5*m + 14, 3*a = 2*m + 76. Suppose -196*n + 193*n + 504 = 0. Calculate the highest common factor of n and a.
24
Let g = -5388 + 6213. Calculate the greatest common divisor of g and 132.
33
Suppose -l + 2*j = -5 - 4, -5*l - 5*j + 45 = 0. Let v = 25 - l. Calculate the highest common factor of v and 8.
8
Suppose 0 = -52*x + 17*x + 32781 + 924. Calculate the highest common factor of 18 and x.
9
Let h = -67 - -78. Let t(c) = c**2 - 9*c + 5. Let s be t(h). What is the greatest common factor of s and 18?
9
Let h = -478 + 510. Let c = h + 31. Calculate the greatest common divisor of c and 9.
9
Suppose 2830*v - 2790*v - 57240 = 0. What is the greatest common factor of v and 27?
27
Let t = 111 - 203. Let c = t - -95. Suppose 4*u = -2*o + 530, -3*u - 2*u + c*o + 690 = 0. What is the greatest common factor of 45 and u?
45
Let l be (-6)/(-3) + -4 - -22. Let w = 1 + l. Let j = -3044 - -3050. What is the greatest common divisor of w and j?
3
Suppose -3*y = -0*y - 129. Suppose 11*f - 66 = -0*f. Suppose -f*x + y = 13. Calculate the greatest common divisor of 5 and x.
5
Let h be (-2 - -1)*(-13 - -7). Suppose -6 + h = -6*u. Suppose u = -4*b - 3*r + 60, 0 = -3*r - r. What is the greatest common divisor of b and 75?
15
Let w(d) = 448*d - 3123. Let y be w(7). Suppose 0 = k + 2*r + 2*r - 16, -26 = -3*k - r. Let m be 92/k + 3/2. What is the greatest common divisor of y and m?
13
Let a be (-5)/((-10)/(-6))*(-194 + 7). Suppose -8*j - a = -19*j. What is the highest common divisor of j and 17?
17
Let g(q) = 18*q**2 + 46*q + 503. Let o be g(-11). What is the greatest common divisor of o and 75?
75
Let w be (-33)/231 - 758/(-14). Suppose 0 = 5*t - 4*t - 6. Let d = t - -30. Calculate the highest common factor of w and d.
18
Let h = 13341 + -13210. Calculate the greatest common factor of h and 7729.
131
Let g(r) = 8*r**3 + 6*r**2 + 8*r - 369. Let n be g(7). Calculate the highest common divisor of 436 and n.
109
Suppose -36*r + 4284 = 6*r. What is the highest common divisor of r and 36?
6
Let z be -20*((-50)/(-4) - (3 - 4)). Let s be (-1950)/z - (-2)/(-9). Let w be 28/(-6)*(-36)/8. Calculate the greatest common divisor of w and s.
7
Let v(s) = 12*s - 114. Let k be v(16). Let p be 72/42*-14*3/(-12). What is the greatest common factor of p and k?
6
Let c(r) = 2*r**3 + 20*r**2 - 315*r - 4. Let g be c(16). What is the greatest common factor of g and 795?
159
Let q = -125 - -137. Suppose q*i - 247 = -i. Calculate the highest common divisor of 209 and i.
19
Let c be 0/(-28) - -2*593. Suppose 0 = 5*u + 346 - c. What is the greatest common divisor of u and 56?
56
Let b(h) = -2*h + 26. Let d be b(12). Suppose -3*a - d*y = -12, 4*y - 11 = -2*a - 3. Suppose -8*w = -a*w - 40. Calculate the highest common factor of 2 and w.
2
Suppose 5*v + 21 - 46 = 4*o, 4*o - v = -37. Let m(x) = -x**2 - 22*x - 30. Let c be m(o). What is the highest common factor of 585 and c?
45
Suppose 1069*f - 3784 = 1058*f - 1265. What is the highest common divisor of 19007 and f?
229
Let t be (27/(216/(-160)))/(8/(-52)). Calculate the greatest common divisor of t and 370.
10
Let u be (-2)/(-3)*-1*3. Let h = u - -3. Let m(r) = -r**3 + 5*r**2 - 242*r + 1215. Let p be m(5). Calculate the greatest common divisor of p and h.
1
Suppose -4*z - w = -285, 3*z - 260 = w - 55. Suppose -11*f + 9*f = -z. Let b be (9/4)/(-3) - 3526/(-328). Calculate the greatest common factor of b and f.
5
Let m = 371 + -522. Let b = m - -157. Calculate the highest common factor of b and 9.
3
Let q(b) = -b**3 + 28*b**2 + 28*b + 40. Let h(k) = 6*k + 59. Let d be h(-5). Let n be q(d). What is the highest common factor of n and 275?
11
Let m(h) = h - 14. Let r be m(14). Suppose 8*w - 104 = -r. What is the highest common factor of 143 and w?
13
Let s be (-138)/(-4) - (-15)/(-10). Let j be 2/(-2 - (-72)/s). Let t = j - -14. What is the highest common factor of t and 25?
25
Let m = 50 - 10. Suppose -m = -6*b + 2*b. Let c be 2*(35/b + 1). Calculate the highest common factor of 1 and c.
1
Suppose -4*v + 5*c + 88 + 16 = 0, -2*c - 50 = -2*v. Let y(q) = q**2 - 23*q + 135. Let o be y(v). Calculate the greatest common factor of 155 and o.
31
Suppose -15*z + 438 = 239 - 431. What is the greatest common factor of 1918 and z?
14
Let i be (-3)/((-135)/180*3/(-26058)*-8). Calculate the highest common divisor of 43 and i.
43
Let c(d) = 11*d + 2. Let j be c(4). Suppose 5*g = -5*x + 1835, 0 = -72*x + 75*x + g - 1103. What is the highest common factor of x and j?
46
Let v be (9/12 - 1) + 124/(-16). Let i be 20/(320/396) + 6/v. What is the highest common factor of i and 56?
8
Suppose 34*m + 50 = 322. What is the greatest common factor of m and 608?
8
Let s = -18655 + 18685. What is the greatest common factor of 3018 and s?
6
Let v(f) = -f**2 - 22*f + 30. Let x be v(-23). Calculate the highest common factor of 1141 and x.
7
Let t(s) = 191*s + 2701. Let k be t(-14). Let v be (-38)/(-4)*2 - 1. What is the highest common divisor of v and k?
9
Let v(i) = i**3 + 4*i**2 - 71*i - 276. Let b be v(-4). Calculate the greatest common factor of b and 6488.
8
Let c be (-3)/(-6) + (-15)/(-10). Let s be -3*(-332)/24*c + -2. Suppose 4*d + 35 = 3*r, 37 = 5*r + d + 3*d. Calculate the highest common factor of r and s.
9
Let c = -73 + 125. Let n be ((-65)/(-26) + -9)*(-22 + 0). Calculate the highest common divisor of n and c.
13
Suppose -3*t - t + 20 = 0. Suppose 4*a = -i + 20, -t = -2*i + 4*a - 25. Suppose 8*k - 14*k + 84 = i. Calculate the highest common factor of k and 112.
14
Suppose 0 = 2*k + 10, -4*s + 7565 = 5*k - 23018. Calculate the highest common divisor of s and 4.
4
Let b = -165 - -252. Suppose b = 5*p + 2*i + 35, -4*i = 2*p - 24. What is the greatest common factor of 110 and p?
10
Let w = -267 - -121. Let d = 314 - w. What is the highest common factor of d and 20?
20
Suppose -x + l = -33, -4*x = -0*x - 2*l - 130. Let z = x + 21. Let y = -38 + z. What is the greatest common divisor of 120 and y?
15
Let d(c) = -201*c + 3455. Let k be d(17). Calculate the highest common factor of k and 25118.
38
Suppose 0 = -3*s + 655*b - 658*b + 2397, 0 = 4*b + 8. What is the greatest common divisor of s and 9?
9
Let z(w) be the second derivative of 583*w**3/2 + 25*w**2/2 + 22*w. Let q be z(10). Let r be q/279 + (-1)/(-9)*2. What is the highest common factor of r and 9?
9
Suppose 2*u = 86 + 884. What is the highest common factor of 20 and u?
5
Let q(l) = 265862*l**2 - 18 + l - 20*l - 265863*l**2. Suppose 0 = 5*x + 83 - 8. Let o be q(x). What is the greatest common factor of o and 378?
42
Let x be 68 + (-2 + 5 - 8). Suppose 0 = 67*i - 63*i - 56. Calculate the highest common factor of x and i.
7
Let k(u) = u**2 + 20*u - 104. Let h be k(-28). Let f be (-1 + 3)*-10*45/(-20). Calculate the highest common factor of h and f.
15
Let l = -2622 - -2641. Let a = -347 - -499. Calculate the highest common divisor of a and l.
19
Suppose 0 = 2*y, 9*h - 2*y + 195 = 4*h. Let g be (-2171)/h + (-2)/3. Suppose -j = 13 - g. What is the highest common divisor of 70 and j?
14
Let g(j) = 2*j - 4. Let u be g(4). Let y(c) = -c. Let t be y(-3). Suppose -t*b = 19 - 79. Calculate the highest common factor of u and b.
4
Let y be ((-40)/6)/(-1)*90/25. Suppose 8*j - y = 2*j. What is the highest common divisor of j and